est common divisor of d and b.
9
Let a be (-8)/60*-6*35. Calculate the greatest common divisor of 7 and a.
7
Suppose -4*m = -51 - 5. Let h(u) = -u + 24. Let s be h(17). Calculate the greatest common divisor of m and s.
7
Let x = 12 + -8. Suppose g - 6 + x = 0. Calculate the highest common divisor of g and 10.
2
Let j(m) = -m - 2. Let k be j(-1). Let t = 25 + k. Calculate the greatest common factor of t and 12.
12
Let x be 24/(-30) + 59/5. Calculate the highest common factor of x and 22.
11
Let n = 3 + 1. Let w(t) = -t**2 - 8*t - 9. Let q be w(-6). Let f = -1 + q. Calculate the highest common divisor of n and f.
2
Let l be 46 - (1 - (3/(-1))/3). Calculate the highest common divisor of 396 and l.
44
Suppose 0 = 3*v + n - 47, 2*v - 3*n - 38 = -2*n. Suppose -3*z + 3*o = -3, 0*z + v = z + 3*o. Calculate the greatest common divisor of z and 55.
5
Let j(h) = 60*h**2 - h + 2. Let f be j(2). Suppose 0 = -2*i + 2*o + 118, -3*i - i = -3*o - f. Let a = 15 + -6. What is the highest common factor of a and i?
9
Let z be (4 - 17/1)*-1. Calculate the greatest common factor of z and 13.
13
Suppose -17 = r - 109. What is the greatest common divisor of r and 230?
46
Suppose -3*g = -9, -3*g - 90 = -3*u - g. Suppose 4*d + d - 56 = 4*x, 3*d - 4*x - u = 0. What is the greatest common factor of d and 24?
12
Suppose -1 - 3 = r. Let i = 13 + r. Let f(a) = -a**3 + 10*a**2 - 8*a + 3. Let p be f(6). What is the highest common divisor of p and i?
9
Let z(y) = -2*y**3 + 9*y**2 + 6*y + 5. Let h be z(7). Let x = h - -333. Suppose d - 5*d + 60 = 0. Calculate the greatest common factor of x and d.
15
Suppose -6*n + n = -25. Let p = 29 - 0. Suppose 0 = n*f - 91 - p. What is the highest common divisor of 16 and f?
8
Let q(o) = 6*o**3 + o**2 - 1. Let t be q(1). Suppose 2 = -0*w - w - p, 3*w = -2*p - 7. Let j be (2/w)/((-4)/t). What is the highest common factor of 9 and j?
1
Let h be -1*(-2 + (1 - -1)). Suppose h = 4*z - 25 - 23. Let p(b) = 3*b**2 + b + 1. Let a be p(-1). Calculate the highest common divisor of a and z.
3
Let k = 52 - 37. Suppose 2*r - 3*r + k = 0. What is the greatest common factor of 165 and r?
15
Suppose -b + 49 = 4*x, -3*x + 8 = -2*x - 4*b. Suppose -5*a = 4 + 1. Let k(n) = -107*n + 1. Let m be k(a). Calculate the highest common factor of m and x.
12
Suppose 0 = -2*a + 2 + 2. Suppose -4*h + 7 = -m - h, a*h = 8. Suppose 4*i - 172 = -4*n, 5*n - 27 - 194 = -2*i. Calculate the highest common factor of n and m.
5
Let t = 44 + 2. Let f = t - 23. What is the greatest common divisor of f and 23?
23
Suppose r - 47 - 30 = 0. What is the greatest common factor of 7 and r?
7
Let u(p) be the third derivative of p**2 + 1/4*p**4 + 0*p + 0 + 0*p**3. Let c be u(6). What is the highest common divisor of c and 12?
12
Let o be -1 + -1 - (6 + -3). Let w = o - -11. Calculate the highest common divisor of 12 and w.
6
Let h(w) = -w + 16. Let f be h(11). Suppose -2*v - 2*v = 2*p - 92, -4*p = -5*v + 102. Let s be v - (-2 + 8/2). Calculate the greatest common factor of f and s.
5
Suppose -2*f + 1 = -3. Suppose 5*z - f*z - 39 = 0. Suppose -4*k = -65 + 13. What is the highest common factor of k and z?
13
Let n = 28 - -44. Suppose -n - 104 = -2*i. What is the greatest common divisor of i and 8?
8
Let p(z) be the third derivative of z**6/120 - z**5/5 + 11*z**4/24 + z**3/6 + 2*z**2. Let h be p(12). Calculate the highest common divisor of 19 and h.
19
Suppose p - 139 = -5*a, a + 61 = 4*a - 5*p. Let n be -24*6*(-3)/6. Suppose -2*t - n = -6*t. What is the greatest common factor of a and t?
9
Let w(j) = j**2 + 8*j + 7. Let n be w(-8). What is the highest common divisor of 1 and n?
1
Let d(q) = -27*q**3 + q**2 + 2*q + 2. Let c be d(-2). Suppose -268 = -5*b + 4*w, c = 4*b - 4*w - w. What is the highest common divisor of b and 130?
26
Suppose -2*w + 0*w = -3*o, 3*w + 2*o + 13 = 0. Let l be 2/(6/w)*-1. What is the highest common divisor of l and 11?
1
Let o = -95 - -125. What is the highest common factor of 75 and o?
15
Let o(x) = x**3 - 3*x**2 + 2*x + 3. Let v be o(5). Let h = 144 + -102. What is the highest common divisor of h and v?
21
Suppose 2*c + 4*c - 72 = 0. Calculate the greatest common factor of 3 and c.
3
Let y = -1 - -5. Suppose 5*i + 10 - 165 = -y*u, 2*i - 55 = -3*u. Suppose -4*q = z - 30, -2*q = 2*z - z - 16. What is the greatest common factor of q and i?
7
Let l be (-1 + -4)*168/20. Let r be 214/14 - (-12)/l. Calculate the highest common divisor of 10 and r.
5
Let p be 3 + (-6)/(-2) + 0. Let r = -89 - -47. Let a = r + 72. What is the greatest common divisor of p and a?
6
Let m be -6*((-4)/(-8) + -1). Suppose 125 = 8*n - m*n. What is the greatest common divisor of n and 275?
25
Let m = -58 + 61. Calculate the greatest common divisor of m and 24.
3
Let h be 3*1 + (11 - 9). Let d be (0 - 31)*(-4 + h). Let c = -19 - d. Calculate the greatest common factor of 108 and c.
12
Let h be (-10)/45 + (-2)/(-9). Suppose 4*n - 2*n - 16 = h. What is the greatest common divisor of n and 88?
8
Let t be -18*(6/(-4) + -1). What is the greatest common factor of t and 18?
9
Let o be 82/7 - (-2)/7. Suppose 0*h = -h + o. Let d be 62/8 - (-3)/h. Calculate the highest common divisor of d and 1.
1
Suppose 4 + 2 = 2*x. Let l = 7 - 7. Suppose 2*s = -l*s + 12. What is the highest common divisor of s and x?
3
Let p be 2/5 - (-73)/5. Suppose 0*z + z - 6 = 0. Suppose -3*d - 4*l = -17, -5*d + 5 = -2*l - z. Calculate the greatest common divisor of d and p.
3
Suppose 179*r - 180*r + 18 = 0. Calculate the highest common divisor of 6 and r.
6
Let q be 1 - 114/(9/(-3)). What is the highest common factor of q and 13?
13
Suppose 2*i - 1 = 3*i, -b = -2*i + 75. Let x = 167 + b. Suppose -20 = 5*u, 11 = r - u - 8. Calculate the greatest common divisor of x and r.
15
Suppose -9*f + 6*f + 105 = 0. Calculate the greatest common factor of 5 and f.
5
Let t be 48/9 + 2/3. Calculate the highest common factor of t and 18.
6
Let s be -2 + 2 + 1 + 6. Calculate the highest common factor of 7 and s.
7
Suppose s = -s. Suppose s = l - 6*l + h + 310, 48 = l - 3*h. Let p be 6/15 + l/5. What is the highest common factor of p and 39?
13
Suppose -4*v - 188 = 44. Let o = 76 - -8. Let l = v + o. What is the greatest common divisor of 13 and l?
13
Let w(j) = 4 + 4*j + 3*j - 1 - j**2 - j**3 - 5*j. Let q be w(-2). Suppose 80 = -q*b + 311. Calculate the highest common divisor of b and 11.
11
Let s be 3 + 11 - (-6)/(-3). Let i = 92 - 8. Calculate the greatest common factor of s and i.
12
Let f(c) = c**3 - 4*c**2 - 7*c - 3. Let p be f(6). Let y = -25 + 43. What is the highest common divisor of y and p?
9
Suppose 2*j + 3*h = j + 3, 14 = 2*j + 2*h. Let p be 4/(4/(-3)) + j. Calculate the highest common divisor of p and 12.
6
Suppose 8*v - 5*v - 90 = 0. Suppose 6*y - v = 3*y. Calculate the highest common divisor of y and 15.
5
Let b(p) = 14*p**2 + 1. Let k be b(-1). Calculate the highest common factor of 45 and k.
15
Let u be (6/(-4))/((-9)/(-228)). Let k be (4 + 2)/(-3) - u. Suppose 0 = 4*l - 12 - k. What is the highest common factor of 18 and l?
6
Let u(o) = -2 - 3*o + 2*o + 1. Let v be u(-2). Let l = 3 - v. What is the greatest common divisor of 2 and l?
2
Let a = -11 - 20. Suppose 144 = 4*g - 44. Let d = a + g. Calculate the greatest common factor of d and 2.
2
Let j(n) = -2*n - 8. Let g be j(-7). Suppose -325 = w - g*w. What is the highest common factor of w and 26?
13
Suppose -w - 2*s = 3, 15 = -s - 4*s. Suppose 2*b - 9 = -57. Let c be 6/b + 97/4. What is the greatest common factor of w and c?
3
Suppose 4 = 4*j + 2*z, j - 4*z - 12 = z. Suppose -101 - 49 = -5*t + 5*w, j*t - 4*w - 70 = 0. Let c = -13 - -18. Calculate the highest common divisor of c and t.
5
Let n = 37 - 13. Calculate the greatest common factor of n and 60.
12
Suppose 16*n - 682 = 14*n. Calculate the highest common factor of n and 31.
31
Let g = -47 + 66. Suppose 4*l - 4*y - 9 - g = 0, -l = 2*y - 13. What is the highest common divisor of 9 and l?
9
Suppose 17*m - 70 = 66. Let d(z) = -z**3 - z**2 + 2*z - 4. Let s be d(-3). What is the highest common factor of m and s?
8
Let x be ((-88)/12)/((-1)/(-3)). Let i be (x/(-6))/(9/54). What is the highest common factor of 55 and i?
11
Let j = 3 - -2. Suppose -w + j*w = 8. Calculate the highest common divisor of w and 12.
2
Suppose -264 = 5*j + 2*